 are the prime factors of 997756694?
2, 11, 53, 855709
What are the prime factors of 4219319757?
3, 1406439919
What are the prime factors of 32242731?
3, 10747577
List the prime factors of 188759465.
5, 31, 43, 127, 223
List the prime factors of 255161314.
2, 29, 4399333
List the prime factors of 6540913512.
2, 3, 7, 23, 127, 1481
List the prime factors of 6698711836.
2, 1674677959
What are the prime factors of 4240893372?
2, 3, 17, 31, 67, 10009
What are the prime factors of 1143565724?
2, 7, 17, 457, 751
List the prime factors of 832834877.
7, 47, 2531413
What are the prime factors of 2921907937?
13, 10243, 21943
List the prime factors of 14859921.
3, 17, 291371
What are the prime factors of 303125512?
2, 109, 347621
What are the prime factors of 66569584?
2, 4160599
What are the prime factors of 2254277382?
2, 3, 7, 19, 2824909
What are the prime factors of 72638343?
3, 401, 6709
List the prime factors of 149075163.
3, 257, 64451
List the prime factors of 269510766.
2, 3, 7, 6416923
What are the prime factors of 1220909159?
73, 1039, 16097
List the prime factors of 136715.
5, 37, 739
What are the prime factors of 733034316?
2, 3, 7, 61, 107, 191
List the prime factors of 162610040.
2, 5, 107, 37993
List the prime factors of 1035591247.
29, 35710043
What are the prime factors of 3114257285?
5, 17, 137, 267433
What are the prime factors of 169586623?
3109, 54547
List the prime factors of 4210750179.
3, 17, 27521243
List the prime factors of 1745700838.
2, 7, 124692917
What are the prime factors of 4986918735?
3, 5, 29, 227, 50503
List the prime factors of 57104945.
5, 31, 71, 5189
List the prime factors of 6397496227.
47, 136116941
List the prime factors of 477034791.
3, 2347, 67751
What are the prime factors of 1039008627?
3, 107, 119881
What are the prime factors of 765804511?
47, 16293713
List the prime factors of 3257804.
2, 11, 53, 127
What are the prime factors of 54417652?
2, 13604413
List the prime factors of 2782814258.
2, 7, 47, 89983
What are the prime factors of 154420886?
2, 3023, 25541
List the prime factors of 93392040.
2, 3, 5, 7, 2269
List the prime factors of 1984529707.
1984529707
What are the prime factors of 417103195?
5, 83420639
List the prime factors of 2915732679.
3, 17, 57171229
What are the prime factors of 216639444?
2, 3, 7, 19, 149, 911
What are the prime factors of 560348868?
2, 3, 37, 271, 4657
What are the prime factors of 38226116?
2, 71, 281, 479
What are the prime factors of 117812307?
3, 31, 1266799
What are the prime factors of 1692400915?
5, 17, 499, 39901
List the prime factors of 268922894.
2, 134461447
List the prime factors of 598204371.
3, 3299, 60443
List the prime factors of 78102847.
263, 296969
What are the prime factors of 253030219?
13, 19463863
What are the prime factors of 155897310?
2, 3, 5, 17, 239, 1279
What are the prime factors of 75189036?
2, 3, 13, 83, 5807
List the prime factors of 740759598.
2, 3, 17, 157, 907
What are the prime factors of 109296283?
41, 2665763
What are the prime factors of 3596235168?
2, 3, 43, 871181
What are the prime factors of 46048777?
2707, 17011
What are the prime factors of 2277860127?
3, 71, 167, 64037
List the prime factors of 312834802.
2, 7, 83, 269221
List the prime factors of 38610914.
2, 19305457
List the prime factors of 350218378.
2, 23, 223, 34141
List the prime factors of 434698226.
2, 19, 29, 433, 911
What are the prime factors of 49016217?
3, 1103, 14813
List the prime factors of 4091288760.
2, 3, 5, 13, 23, 191, 199
What are the prime factors of 58795439?
1009, 58271
What are the prime factors of 1264735198?
2, 12149, 52051
List the prime factors of 90557879.
149, 4079
List the prime factors of 1628185187.
83, 19616689
What are the prime factors of 35586412?
2, 113, 131, 601
What are the prime factors of 14017232?
2, 876077
What are the prime factors of 8935920?
2, 3, 5, 7, 197
List the prime factors of 1192295.
5, 13, 17, 83
What are the prime factors of 112187830?
2, 5, 1373, 8171
What are the prime factors of 611974399?
611974399
List the prime factors of 4253091296.
2, 132909103
What are the prime factors of 57554651?
7, 11, 747463
What are the prime factors of 2678610385?
5, 11, 48702007
List the prime factors of 2027436221.
2027436221
What are the prime factors of 751129725?
3, 5, 29, 367, 941
List the prime factors of 547046192.
2, 7, 11, 229, 277
List the prime factors of 1591972441.
23929, 66529
What are the prime factors of 71233681?
71233681
List the prime factors of 1821144987.
3, 29, 43, 162269
What are the prime factors of 225138682?
2, 179, 257, 2447
What are the prime factors of 2859012128?
2, 7, 17, 750791
List the prime factors of 227215594.
2, 37, 3070481
List the prime factors of 46460117.
11, 29, 145643
List the prime factors of 70011189.
3, 1123, 2309
What are the prime factors of 33861466?
2, 61, 433, 641
List the prime factors of 1651483275.
3, 5, 13, 17, 5861
What are the prime factors of 31290516?
2, 3, 289727
List the prime factors of 926581413.
3, 17, 31, 586073
What are the prime factors of 547548983?
73, 647, 11593
What are the prime factors of 376021112?
2, 23, 71, 107, 269
List the prime factors of 2644509303.
3, 1873, 17431
What are the prime factors of 3865185?
3, 5, 28631
List the prime factors of 1786273847.
19, 31, 159617
List the prime factors of 401051441.
7, 57293063
List the prime factors of 2535396773.
7, 13, 2687, 10369
List the prime factors of 257900798.
2, 587, 219677
What are the prime factors of 44658334?
2, 7, 37, 73, 1181
List the prime factors of 65303303.
13, 5023331
List the prime factors of 7323636.
2, 3, 67, 9109
What are the prime factors of 487653371?
53, 9201007
What are the prime factors of 76573182?
2, 3, 7, 260453
What are the prime factors of 58275822?
2, 3, 11, 882967
What are the prime factors of 131186762?
2, 7, 9370483
List the prime factors of 61940263.
7, 11, 31, 337
What are the prime factors of 440211192?
2, 3, 17, 523, 2063
List the prime factors of 1868896544.
2, 19, 751, 4093
What are the prime factors of 726355367?
1289, 563503
What are the prime factors of 322421095?
5, 43, 461, 3253
List the prime factors of 15296411.
13, 1176647
What are the prime factors of 45086900?
2, 5, 23, 19603
What are the prime factors of 4815974811?
3, 103, 2239, 6961
What are the prime factors of 202630598?
2, 23, 29, 151897
List the prime factors of 60368298.
2, 3, 10061383
List the prime factors of 217450326.
2, 3, 19, 23, 239, 347
List the prime factors of 255192240.
2, 3, 5, 509, 2089
What are the prime factors of 518595244?
2, 129648811
What are the prime factors of 116520881?
37, 277, 11369
List the prime factors of 182019655.
5, 163, 223337
List the prime factors of 599474182.
2, 299737091
What are the prime factors of 3574254?
2, 3, 595709
List the prime factors of 735519202.
2, 11, 181, 184711
List the prime factors of 1958205825.
3, 5, 8703137
List the prime factors of 1100798329.
18127, 60727
What are the prime factors of 5227708483?
5227708483
List the prime factors of 59495799.
3, 11, 67, 71, 379
What are the prime factors of 825288255?
3, 5, 11, 1667249
What are the prime factors of 326366319?
3, 29, 1303, 2879
List the prime factors of 820791787.
97, 701, 12071
What are the prime factors of 242888200?
2, 5, 1214441
List the prime factors of 226789210.
2, 5, 467, 48563
List the prime factors of 22911289.
23, 996143
List the prime factors of 216863266.
2, 751, 144383
What are the prime factors of 30079535?
5, 6015907
What are the prime factors of 21003965?
5, 1187, 3539
List the prime factors of 398611465.
5, 7, 47, 167, 1451
List the prime factors of 954855365.
5, 421, 479, 947
List the prime factors of 5698183431.
3, 1899394477
List the prime factors of 85501016.
2, 61, 241, 727
What are the prime factors of 152381822?
2, 167, 456233
What are the prime factors of 197912081?
149, 1328269
What are the prime factors of 2293630498?
2, 1146815249
What are the prime factors of 289028873?
7, 41289839
What are the prime factors of 26369387?
11, 2397217
List the prime factors of 910860462.
2, 3, 109, 464251
List the prime factors of 2847075846.
2, 3, 1327, 357583
What are the prime factors of 21081246?
2, 3, 3513541
List the prime factors of 495554028.
2, 3, 53, 779173
List the p